t is the remainder when (18 - -2)*(-4 + 7) is divided by 17?
9
Suppose -6 = -5*d + 4. Suppose 2*c + 2*c - 3*g = 24, 0 = 2*g + 8. What is the remainder when c is divided by d?
1
Let d = -4 - -18. Suppose 3*m = 4*u + 182, -8*m - 49 = -9*m - u. What is the remainder when m is divided by d?
12
Let f(g) = 5*g. Let t be f(-2). Let q(l) = 4*l + 61. Let z be q(-17). Let v = z - t. Calculate the remainder when 9 is divided by v.
0
Let w(u) = u + 10. Let m be w(-7). Suppose 0*z - m*z + 60 = 0. Calculate the remainder when z is divided by 7.
6
What is the remainder when 39 is divided by (2 + 19)/((-4)/(-4))?
18
Let a = 188 + -171. Suppose 3*b + 0*b = 15. Calculate the remainder when a is divided by b.
2
Suppose s = 2 + 2. Suppose 0 = 2*t - 3*t + s. What is the remainder when 15 is divided by t?
3
Suppose -3*q - 71 = -2*c, -96 = -4*c + 2*q + 34. Suppose -4*p + 2*k + 86 = 0, p + 2*p - 4*k = 57. Let d = p - 12. What is the remainder when c is divided by d?
9
Suppose 37 = 5*g - 4*u + 4, 5*u + 30 = 4*g. Suppose 3*b = 54 - 15. Calculate the remainder when b is divided by g.
3
Calculate the remainder when 2/(-18) + (-9280)/(-90) is divided by 52.
51
Calculate the remainder when (-3)/(-3) - -230 - (4 + -8) is divided by 59.
58
Let w be 4*(9/6)/3. Suppose 0 = -w*n - 2*o + 28, -3*n + 6*o - o = -34. Calculate the remainder when n is divided by 7.
6
What is the remainder when 76 is divided by 1/((-4)/(-64)*1)?
12
Let q(y) = 28*y + 2. Calculate the remainder when 88 is divided by q(1).
28
Suppose 3*l - l = 44. Suppose -4*v = 3*n - 6*v, 5*n + 4*v = l. Suppose 0 = -n*a + a + 18. What is the remainder when 34 is divided by a?
16
Let t = 5 + -3. Let s(j) = -j - 4. What is the remainder when t is divided by s(-5)?
0
Suppose 2*n = 3*w - 13 + 35, -4*w = -2*n + 24. Suppose -c + y = -4, -2*c - 3*y = -5 - n. Calculate the remainder when c is divided by 2.
1
Let a be (1 + 8)/((-9)/(-6)). What is the remainder when 21 is divided by a + 4 - (-1 + 0)?
10
Let v = -17 + 35. Calculate the remainder when 28 is divided by v.
10
Let p(g) = -g**3 - 2*g**2 + 2*g - 1. Let v be p(-3). Suppose 4*o - 72 = 2*o + v*x, 2*x = -4*o + 126. Calculate the remainder when o is divided by 12.
9
Let y(x) = 4*x**2 - 53*x - 23. Let n be (-4)/(-10) + 4/(-10). Suppose 2*p - 61 - 11 = n. What is the remainder when p is divided by y(14)?
17
Let d(q) = -7*q - 13. What is the remainder when 85 is divided by d(-5)?
19
What is the remainder when (-1)/(((-11)/44)/((-130)/(-8))) is divided by 11?
10
Suppose 8*v + 2*j = 3*v + 58, 0 = 2*j + 2. Suppose 3*x - 24 = -5*x. Calculate the remainder when v is divided by x.
0
Suppose 5*i + 55 = 2*q, -3*q + 73 = -0*q + 2*i. Calculate the remainder when 121 is divided by q.
21
Suppose 0 = 2*h - 3*h. Suppose 4 = -4*i - h. Let m = i - -5. Calculate the remainder when 11 is divided by m.
3
Suppose -10 = 3*y - 5*h + h, 16 = 4*h. Suppose y*l - 12 = -5*d, -l + 0 = -1. What is the remainder when 2 is divided by (-2 + 3/d)*-2?
0
Let q = 3 + -3. Suppose -3*v + 3*g + 15 = q, -4*v - g = -4*g - 20. Calculate the remainder when 2/8 - (-55)/4 is divided by v.
4
Let w(g) = -g**3 - 9*g**2 + 10*g + 9. Calculate the remainder when 15 is divided by w(-10).
6
Suppose 0 = 4*p + 5 + 7. Let a = p + 4. What is the remainder when 2*3*(4 - a) is divided by 10?
8
Suppose -10*m + 22*m = 720. What is the remainder when m is divided by 31?
29
Calculate the remainder when 2/(-8) - 93/(-4) is divided by 74/6 + (-14)/(-21).
10
Suppose 0 = -21*j + 16*j + 45. Suppose 2*l - 112 = -3*x, -3*x = -5*l - 98 + 21. Calculate the remainder when x is divided by j.
7
Suppose -2 = 3*u + 5*g - 16, 4*g = -5*u + 45. What is the remainder when u is divided by 10?
3
Let x be (-151)/(-5) + (-2)/10. Suppose 0 = 3*v - 3*d - d - 10, -2*d - x = -4*v. What is the remainder when (-3)/(-3) + 3*v is divided by 11?
9
Calculate the remainder when (-6)/(-4)*(-56)/(-6) is divided by (1 - 2)*-7 + -2.
4
Calculate the remainder when 54 is divided by ((-4)/(-6))/((-40)/(-1140)).
16
Suppose p = -3*a + 75, -3*a - 5*p - 40 + 127 = 0. Calculate the remainder when 71 is divided by a.
23
Let i(s) = -2*s**2 - 11*s + 5. Calculate the remainder when 29 is divided by i(-5).
9
Suppose 15 = 3*f, -f + 150 = 5*k - 0*f. Calculate the remainder when k is divided by 15.
14
Suppose -41 = -3*a + 7. Suppose -19 - a = -5*s. Calculate the remainder when s is divided by 4.
3
Let j be 508/6*(-3)/(-2). Let n = -87 + j. Suppose 0*x + 4*x - n = 0. Calculate the remainder when 19 is divided by x.
9
Suppose 0 = -4*r + 3*x + 15, 0*r - 20 = -2*r + 4*x. What is the remainder when (4 - 2) + (0 - r) is divided by 1?
0
Let y(k) = k**2 + 8. Suppose -3*t + 41 = -v, -7*t = -2*t + 5*v - 75. Calculate the remainder when t is divided by y(0).
6
Let a(r) be the third derivative of r**5/10 - r**4/24 - r**3/3 + 2*r**2. Calculate the remainder when 46 is divided by a(-2).
22
Let r(i) = -2*i + 1. Calculate the remainder when 25 is divided by r(-3).
4
Suppose 4*a = 403 - 183. Calculate the remainder when a is divided by 14.
13
Let c(v) = 5*v**2 - v + 6. Let t = 11 + -6. Let o be c(t). Suppose -4*x = b - 122, 6*x + 3*b - o = 2*x. Calculate the remainder when x is divided by 16.
14
Let c(t) = 11*t. Let y be c(1). Let u = y + -5. Calculate the remainder when 9 is divided by u.
3
Suppose 0*f - 28 = 2*f. Let q = 34 + f. What is the remainder when 37 is divided by q?
17
Suppose 6*t = t + 35. Let d(l) = 3*l + 2 - 5 - l. What is the remainder when 31 is divided by d(t)?
9
Let c be 1/(3/69 + 0). Let m be (c - (-1 - 0)) + 2. Suppose p - m = -p. Calculate the remainder when 25 is divided by p.
12
What is the remainder when 95 is divided by (-2 + 5)/3 + 1*11?
11
Suppose 0 = -5*l + 135 + 270. Calculate the remainder when l is divided by 28.
25
Suppose d + 1 - 4 = 0. Suppose o = -3*w + 9, 0*w = -o + w - 3. Let u = o + 8. What is the remainder when u is divided by d?
2
Let u = 98 + 60. Calculate the remainder when u is divided by 53.
52
Suppose -3*b - p = -68, -5*p = b - 6*p - 20. Calculate the remainder when b is divided by 6.
4
Let p(v) = v - 5. Let b be p(7). Suppose -2*z - b*z = -52. Calculate the remainder when 50 is divided by z.
11
Let r(w) = 3*w**3 - 6*w**2 - 5*w - 12. Calculate the remainder when r(5) is divided by 48.
44
Suppose -3*m - 10 = -m + 2*r, 5*m + 3*r = -23. Calculate the remainder when 11 is divided by m/(-10) + 13/5.
2
Let k = 7 + 5. Suppose k = 2*o - 4*u, -2*o - 3*u + 2 - 4 = 0. Let d = -1 + o. Calculate the remainder when 2 is divided by d.
0
Let y(o) = 3*o**2 + 2*o. What is the remainder when y(-4) is divided by 14/(-10)*(-11 - 4)/3?
5
Let o be (527 + 3)*(-2)/(-4). Suppose 11*r = 6*r + o. Calculate the remainder when r is divided by 18.
17
Let t be 5/(0 - -1 - 0). Suppose t*b + 320 = 3*g, -3*g + 3*b = -87 - 243. Calculate the remainder when g is divided by 29.
28
Let i = 13 + -8. Suppose 3*o - 4 = i. Suppose 11 = o*n + 2. Calculate the remainder when 5 is divided by n.
2
Let t(r) = -r**3 + 7*r**2 + 8. Suppose k - 4 = 3. What is the remainder when 22 is divided by t(k)?
6
Let k(x) = 4*x**2 + 2*x - 5. Let g be k(-5). Let u = g - 54. Calculate the remainder when u is divided by 16.
15
Let w = 9 - 4. Suppose 0 = w*y + 23 - 103. Calculate the remainder when y is divided by 9.
7
Let z(s) be the second derivative of 3*s**5/20 + s**4/4 - s**3/2 + 3*s**2/2 - 4*s. Calculate the remainder when z(2) is divided by 1/(-3)*-1*51.
16
Let h(m) = -m - 2. Let d be h(-5). Suppose -2*k = -7*k - p + 42, 4*p = -d*k + 15. Calculate the remainder when 33 is divided by k.
6
Calculate the remainder when 27 is divided by (-224)/8*3/(-12).
6
Suppose -y + 3*z = -16, -y + 4*z + 20 = -0*y. What is the remainder when ((-27)/(-12) - 1)*y is divided by 4?
1
Suppose 0 = -8*p + 3*p + 270. Let c = -17 + p. Calculate the remainder when c is divided by 100/(-8)*4/(-5).
7
Suppose -1 = 2*t - 9. Let d(x) = t + 12*x**2 - 13*x**2 - 3*x - 5. What is the remainder when 2 is divided by d(-2)?
0
Let s(t) = t**2 - 8*t + 11. Let b(d) = -7*d**3 + 2*d**2 + 2*d + 1. Let z be b(-1). Calculate the remainder when 21 is divided by s(z).
10
Suppose 0 = -2*h + t + 24, -2*h + 4*t + 3 = -9. What is the remainder when 26 is divided by h?
12
Suppose -6*w + 72 = -3*v - 5*w, -3*w = -4*v - 96. What is the remainder when ((-3)/4)/(1/v) is divide